. Does 2 divide b?
False
Does 16 divide 738/10 - (-2)/10?
False
Let o be (2/4)/(1/150). Suppose -2*m + 99 = 3*m - 3*f, 5*m + 5*f - o = 0. Does 7 divide m?
False
Suppose -10 = -5*o, 4*w - o = -w + 53. Is w a multiple of 7?
False
Suppose -k + 5*v + 3 = -127, 0 = -v - 4. Is 34 a factor of k?
False
Is 10 a factor of 16 - (-2 - 2*-3)?
False
Suppose -2*x = x - 54. Does 6 divide x?
True
Let k(t) = t**2 - 5*t + 5. Let q be k(5). Suppose -l = -q*c - 48, 3*l - 44 = -0*c - 5*c. Is l a multiple of 7?
False
Suppose 5*i + 1 + 4 = 0. Let s = i - -3. Is 5 a factor of (-36)/s*4/(-6)?
False
Let n = -74 + 219. Is 21 a factor of n?
False
Suppose 0 = -t + r, 4*t - 2*r - r = -2. Let i be 3/(0 - 2/t). Suppose i*m = 5*m - 8. Is 4 a factor of m?
True
Let d(j) = 2*j**2 - 7*j + 3. Suppose 0*t = -4*t - 16, 5*t + 40 = 4*x. Does 9 divide d(x)?
True
Let c = -86 + 116. Does 5 divide c?
True
Let w(q) = q**3 - q**2 - q + 4. Is 3 a factor of w(0)?
False
Let p = -8 - -16. Let k(o) = 3*o - 7. Is k(p) a multiple of 17?
True
Let t(p) = 2*p**3 - 5*p**2 - 3*p - 14. Is 24 a factor of t(5)?
True
Suppose 1427 = 5*u + 532. Suppose u = 5*o + 59. Is o a multiple of 12?
True
Let x(l) = -7 - l**3 - 8*l**2 - 6*l - 9*l**2 + 10*l**2 + 1. Is 12 a factor of x(-7)?
True
Suppose 0 = 6*f - 13*f + 140. Is 10 a factor of f?
True
Suppose -f - 4*n = -78, -3*n + 5*n = -2*f + 144. Is f a multiple of 12?
False
Let o(z) = z**3 - 6*z**2 - 19*z - 14. Does 14 divide o(10)?
True
Let z(w) = w**2 + 5*w - 4. Let n = 0 - 1. Let i(g) = -4*g - 1. Let f be i(n). Is z(f) a multiple of 10?
True
Let c be 2*2*9/(-4). Let p = c - -18. Is 8 a factor of p?
False
Suppose 0 = 4*l - 2*l - 56. Does 14 divide l?
True
Let x = -10 + 6. Let g = x + 43. Is 13 a factor of g?
True
Suppose 0 = -2*i - 5*s - 135, 26 = -3*i + 3*s - 124. Let m = i - -79. Does 18 divide m?
False
Let k = 4 - 4. Does 19 divide k + (1 - -35) - -2?
True
Let u(w) = 17*w - 18. Let n be u(9). Let o be (4 + -1)/(6/4). Suppose -3*x - 2*c = -74 - o, 5*c = -5*x + n. Does 10 divide x?
False
Suppose 2*l - 16 = -2*t, -31 = -5*t + l + 27. Is 11 a factor of t?
True
Let c(j) = -j**2 + 3*j + 2. Let x be c(2). Suppose -z = x*z - 100. Does 20 divide z?
True
Suppose 0 = -4*h + 141 - 5. Let m = -15 + h. Does 19 divide m?
True
Let i = 7 - 2. Suppose 0 = -i*n + 3*y + 177, -5*n - 42 = 5*y - 227. Is n a multiple of 16?
False
Let l = -14 + 25. Let x = -8 + l. Suppose -x*o = -o - 10. Does 4 divide o?
False
Does 13 divide (-7 - -8) + 76 + (3 - 2)?
True
Suppose 6 + 7 = 3*i - q, 5*i + 5*q = 35. Suppose 3*v + y + 0 = -3, 3 = -i*v - y. Suppose -l + 5*l - 64 = v. Does 16 divide l?
True
Let p be (-36)/(-16) + 1/(-4). Suppose -6*x = -p*x + 2*n + 10, 3*n = -15. Is (x - 10/6)*-6 a multiple of 4?
False
Let l(v) = -v + 7. Let q be l(5). Suppose q*w - w = 3. Is w a multiple of 2?
False
Suppose 2 = -o + 3. Let v be 20*((-14)/(-4) - o). Suppose -4*i + v = i. Is 8 a factor of i?
False
Suppose k + 0 = -1. Let h = 1 + k. Suppose h = -5*r - 3*q + 192, 5*q + 0 = 2*r - 83. Is r a multiple of 16?
False
Let n(q) = -q + 3. Suppose -5*k = -0*k + 25, -j = k. Let o be n(j). Does 14 divide o/1*(-21)/2?
False
Suppose 45 = -3*q + 198. Does 17 divide q?
True
Let b(a) = -a - 7. Let i be b(-9). Suppose -d - 4*c + 4 = 0, -5*d + i*c - 7 + 71 = 0. Is d a multiple of 8?
False
Suppose -6*f - 95 = -599. Does 28 divide f?
True
Let r = -117 + 36. Is 6*9/(r/(-84)) a multiple of 15?
False
Suppose 4*s = -f + 21, 0*s + 3*s - 9 = 0. Suppose 0 = 2*v + v - f. Suppose 4*q - 113 = -2*p + q, 5*p - 272 = v*q. Is 15 a factor of p?
False
Suppose -6*b = -4*b - 6. Suppose 3*s - 102 = -b*p, 0 = -4*s - 5*p + 6*p + 131. Is 13 a factor of s?
False
Let y be 0 + 7/((-14)/(-100)). Let p = y + -32. Does 17 divide p?
False
Suppose -20 = -2*x - 2*x. Let k = x + -2. Suppose -3*u = t - 23, 0*t = k*t - 6. Is u a multiple of 2?
False
Suppose -3*w + 13 = -5*o, o + 3 = -3*o - 5*w. Let p be o - (-2)/1*1. Suppose p = -2*l, -4*r - 2*l = -0*l - 16. Is 3 a factor of r?
False
Let c = -21 - 3. Is 4 a factor of ((-1)/(-2))/((-3)/c)?
True
Let x(v) = v**2 + 6*v + 4. Let h = 6 + -12. Let o be x(h). Suppose -3*l + 51 = o*n, 2*n + 7*l = 3*l + 18. Does 6 divide n?
False
Let n(c) = -c**2 + 7*c - 4. Suppose u = 4*j - 22, -2 + 10 = 2*j - 2*u. Let i be n(j). Suppose 0 = g + 2, -2*q - 2*q + i*g = -76. Is 10 a factor of q?
False
Let w be (4/(-2))/(8/76). Let i = 27 + w. Is i even?
True
Suppose -5*i - 15 = -0*i. Let f = -1 - i. Is 2 a factor of f?
True
Suppose 2 + 4 = -2*v. Let a = v - -8. Let r(n) = -n**2 + 6*n. Does 4 divide r(a)?
False
Let o(n) = -31*n**3 - n**2. Let s be o(1). Let b = -19 - s. Is b a multiple of 6?
False
Let h(r) = 31*r + 1. Is h(2) a multiple of 22?
False
Suppose 12*d - 505 = 671. Is d a multiple of 14?
True
Let f = 0 + 6. Suppose f*d = d + 120. Is d a multiple of 8?
True
Suppose -2*t + 6*t = 16, t = 4*m + 44. Let d be (-14)/(-35) + (-26)/m. Is 77/d + 1/3 a multiple of 13?
True
Is 11 a factor of 542/26 - 2/(-13)?
False
Let y(x) = x**2 - 3*x + 6. Let b be y(7). Suppose 0 = -4*t - b + 98. Is 8 a factor of t?
True
Let c(t) = -t**2 - 6*t - 2. Let s be c(-6). Is -5 + 4 - 8/s a multiple of 3?
True
Suppose 5 = -r + 18. Let s = r + -8. Let d(c) = -c**3 + 7*c**2 - 5*c - 7. Is 18 a factor of d(s)?
True
Suppose -5*a - 61 = 2*k, 2*a - k + 3*k = -22. Let j = a - -46. Is 11 a factor of j?
True
Let a = -7 - -13. Suppose -a*r + 2*r = -56. Does 14 divide r?
True
Let z(r) = -r**3 - 3*r**2 - 2*r - 5. Suppose 5*s + 24 = -g, -3*g + s + 8 = -4*s. Is 7 a factor of z(g)?
False
Suppose 3*k + 31 = 88. Does 4 divide k?
False
Let y = -7 - -10. Suppose 0*v = -y*v + 30. Is 4 a factor of v?
False
Let f = 2 - 2. Suppose 2*m - 43 = -f*m + h, -2*m = h - 45. Is m a multiple of 11?
True
Suppose -34 = -p - 0*p - 4*a, -4*p - 4*a + 76 = 0. Let j = p + -6. Does 9 divide 122/j + (-1)/4?
False
Let j(q) = q**3 + 4*q**2 + 2*q + 5. Let i(u) = -u**3 + u**2. Let z be i(2). Let c be j(z). Let g = 5 - c. Is g a multiple of 8?
True
Let y = -223 + 80. Let n be (3 + -1 - 3) + y. Is n/(-10) - (-2)/(-5) a multiple of 10?
False
Let w(a) = -35*a**3 + 2*a + 1. Let q be w(-1). Let d = q - 6. Is 14 a factor of d?
True
Suppose 0 = 5*k - 5*j - 181 - 309, j - 484 = -5*k. Does 13 divide k?
False
Let s be -1 + 289 + (-1 - -3). Suppose 170 - 6 = 2*n - 4*h, 3*n + 5*h - s = 0. Suppose 3*p = -27 + n. Does 10 divide p?
False
Let h(y) = y + 3. Is 4 a factor of h(12)?
False
Suppose 0 = -6*t + 3*t. Let b = t - -23. Is 14 a factor of b?
False
Is 11 a factor of (198/(-24))/(1/(-4))?
True
Let q = 91 - 34. Is 40 a factor of q?
False
Suppose 7*y - y = 54. Suppose -y*r - 3 = -10*r. Does 2 divide r?
False
Let g be ((-3)/(-2))/(4/(-8)). Let y = -1 - g. Suppose -3*w = y*w - 50. Is 10 a factor of w?
True
Suppose -3*m + q = -104, -4*m = -5*q - 23 - 101. Is m a multiple of 15?
False
Let g = -13 + 19. Let l = 35 + g. Does 21 divide l?
False
Suppose 0 = 5*k + 16 - 6. Suppose -j + 7 = 6. Is 4 a factor of 10 - -2 - (k - j)?
False
Suppose 0 = -4*u - l + 85, l - 5 = -2*u + 36. Does 13 divide u?
False
Let c = 6 - -62. Is 13 a factor of c?
False
Let o(f) = f**2 - 4*f. Is 2 a factor of o(5)?
False
Does 4 divide 622/8 - (15/20)/1?
False
Let p = -16 - -80. Suppose 0 = -5*q + q + p. Is 4 a factor of q?
True
Let d be (-2 - -3)*1 - 5. Let n be (6 - 4)/(2/d). Let c = n - -27. Does 7 divide c?
False
Let a(d) = -3*d + 11. Suppose 4*k - 7*k = 0. Does 11 divide a(k)?
True
Suppose 2*d + 47 = 4*n - 101, 0 = 2*n + d - 78. Is 19 a factor of n?
True
Let l = -24 + 51. Is l a multiple of 5?
False
Suppose w = 4*d - 116, -2*d - 3*d = -3*w - 152. Does 7 divide d?
True
Let x(f) be the third derivative of f**6/120 - f**4/24 + 2*f**3 - 3*f**2. Let i be x(0). Let o(j) = -j + 20. Does 8 divide o(i)?
True
Suppose 0 = d - 52 + 21. Does 13 divide d?
False
Let m = -2 + -2. Does 18 divide (-206)/m - (-4)/(-8)?
False
Suppose 4*d + 93 - 26 = c, -2*c = 3*d - 90. Suppose -f = 2*n - 5, 5*f + 4*n = -8 + c. Is 7 a factor of f?
False
Let p = 70 - -70. Let y = p - 98. Suppose y = 3*z - 3. Is z a multiple of 5?
True
Let f = -25 - -45. Suppose -2*v = -0*v - f. Does 7 divide v?
False
Let x be (372/(-18))/(2/(-3)). Let d = 45 - x. Is d a multiple of 12?
False
Let o be 2 + -2*(1 + -2). Suppose -4*v + o*h + 24 = 0, 3*v = -0*v - 3*h + 42. Is v a multiple of 9?
False
Let x(n) = 6*n**2 + 